[INFO] cloning repository https://github.com/Reyth3/rust-guess-number-game
[INFO] running `Command { std: "git" "-c" "credential.helper=" "-c" "credential.helper=/workspace/cargo-home/bin/git-credential-null" "clone" "--bare" "https://github.com/Reyth3/rust-guess-number-game" "/workspace/cache/git-repos/https%3A%2F%2Fgithub.com%2FReyth3%2Frust-guess-number-game", kill_on_drop: false }`
[INFO] [stderr] Cloning into bare repository '/workspace/cache/git-repos/https%3A%2F%2Fgithub.com%2FReyth3%2Frust-guess-number-game'...
[INFO] running `Command { std: "git" "rev-parse" "HEAD", kill_on_drop: false }`
[INFO] [stdout] 9b4441e31fe0cd0e099a63a5c6a1a2e9b5e786ab
[INFO] checking Reyth3/rust-guess-number-game against master#e6e4f7ed1589e03bc2f6c5931c1a72e7947e8682 for beta-170-4
[INFO] running `Command { std: "git" "clone" "/workspace/cache/git-repos/https%3A%2F%2Fgithub.com%2FReyth3%2Frust-guess-number-game" "/workspace/builds/worker-6-tc2/source", kill_on_drop: false }`
[INFO] [stderr] Cloning into '/workspace/builds/worker-6-tc2/source'...
[INFO] [stderr] done.
[INFO] validating manifest of git repo https://github.com/Reyth3/rust-guess-number-game on toolchain e6e4f7ed1589e03bc2f6c5931c1a72e7947e8682
[INFO] running `Command { std: CARGO_HOME="/workspace/cargo-home" RUSTUP_HOME="/workspace/rustup-home" "/workspace/cargo-home/bin/cargo" "+e6e4f7ed1589e03bc2f6c5931c1a72e7947e8682" "metadata" "--manifest-path" "Cargo.toml" "--no-deps", kill_on_drop: false }`
[INFO] started tweaking git repo https://github.com/Reyth3/rust-guess-number-game
[INFO] finished tweaking git repo https://github.com/Reyth3/rust-guess-number-game
[INFO] tweaked toml for git repo https://github.com/Reyth3/rust-guess-number-game written to /workspace/builds/worker-6-tc2/source/Cargo.toml
[INFO] crate git repo https://github.com/Reyth3/rust-guess-number-game already has a lockfile, it will not be regenerated
[INFO] running `Command { std: CARGO_HOME="/workspace/cargo-home" RUSTUP_HOME="/workspace/rustup-home" "/workspace/cargo-home/bin/cargo" "+e6e4f7ed1589e03bc2f6c5931c1a72e7947e8682" "fetch" "--manifest-path" "Cargo.toml", kill_on_drop: false }`
[INFO] running `Command { std: "docker" "create" "-v" "/var/lib/crater-agent-workspace/builds/worker-6-tc2/target:/opt/rustwide/target:rw,Z" "-v" "/var/lib/crater-agent-workspace/builds/worker-6-tc2/source:/opt/rustwide/workdir:ro,Z" "-v" "/var/lib/crater-agent-workspace/cargo-home:/opt/rustwide/cargo-home:ro,Z" "-v" "/var/lib/crater-agent-workspace/rustup-home:/opt/rustwide/rustup-home:ro,Z" "-e" "SOURCE_DIR=/opt/rustwide/workdir" "-e" "CARGO_TARGET_DIR=/opt/rustwide/target" "-e" "CARGO_HOME=/opt/rustwide/cargo-home" "-e" "RUSTUP_HOME=/opt/rustwide/rustup-home" "-w" "/opt/rustwide/workdir" "-m" "1610612736" "--user" "0:0" "--network" "none" "ghcr.io/rust-lang/crates-build-env/linux@sha256:5ff2268d62e97bff2cde7d5815dd6ed5b47097566f13b8d0ca110b04b60e07ed" "/opt/rustwide/cargo-home/bin/cargo" "+e6e4f7ed1589e03bc2f6c5931c1a72e7947e8682" "metadata" "--no-deps" "--format-version=1", kill_on_drop: false }`
[INFO] [stdout] 9c2307188a033f785717ea78c8aba117767fbebee24bab2d5d4fd3d179c5333a
[INFO] running `Command { std: "docker" "start" "-a" "9c2307188a033f785717ea78c8aba117767fbebee24bab2d5d4fd3d179c5333a", kill_on_drop: false }`
[INFO] running `Command { std: "docker" "inspect" "9c2307188a033f785717ea78c8aba117767fbebee24bab2d5d4fd3d179c5333a", kill_on_drop: false }`
[INFO] running `Command { std: "docker" "rm" "-f" "9c2307188a033f785717ea78c8aba117767fbebee24bab2d5d4fd3d179c5333a", kill_on_drop: false }`
[INFO] [stdout] 9c2307188a033f785717ea78c8aba117767fbebee24bab2d5d4fd3d179c5333a
[INFO] running `Command { std: "docker" "create" "-v" "/var/lib/crater-agent-workspace/builds/worker-6-tc2/target:/opt/rustwide/target:rw,Z" "-v" "/var/lib/crater-agent-workspace/builds/worker-6-tc2/source:/opt/rustwide/workdir:ro,Z" "-v" "/var/lib/crater-agent-workspace/cargo-home:/opt/rustwide/cargo-home:ro,Z" "-v" "/var/lib/crater-agent-workspace/rustup-home:/opt/rustwide/rustup-home:ro,Z" "-e" "SOURCE_DIR=/opt/rustwide/workdir" "-e" "CARGO_TARGET_DIR=/opt/rustwide/target" "-e" "CARGO_INCREMENTAL=0" "-e" "RUST_BACKTRACE=full" "-e" "RUSTFLAGS=--cap-lints=forbid" "-e" "RUSTDOCFLAGS=--cap-lints=forbid" "-e" "CARGO_HOME=/opt/rustwide/cargo-home" "-e" "RUSTUP_HOME=/opt/rustwide/rustup-home" "-w" "/opt/rustwide/workdir" "-m" "1610612736" "--user" "0:0" "--network" "none" "ghcr.io/rust-lang/crates-build-env/linux@sha256:5ff2268d62e97bff2cde7d5815dd6ed5b47097566f13b8d0ca110b04b60e07ed" "/opt/rustwide/cargo-home/bin/cargo" "+e6e4f7ed1589e03bc2f6c5931c1a72e7947e8682" "check" "--frozen" "--all" "--all-targets" "--message-format=json", kill_on_drop: false }`
[INFO] [stdout] a26f89041615f7e897fe7c3843458a65582df4899c547e702f2a9421b1a41b17
[INFO] running `Command { std: "docker" "start" "-a" "a26f89041615f7e897fe7c3843458a65582df4899c547e702f2a9421b1a41b17", kill_on_drop: false }`
[INFO] [stderr]    Compiling libc v0.2.117
[INFO] [stderr]     Checking getrandom v0.2.4
[INFO] [stderr]     Checking rand_core v0.6.3
[INFO] [stderr]     Checking rand_chacha v0.3.1
[INFO] [stderr]     Checking rand v0.8.4
[INFO] [stderr]     Checking testCli v0.1.0 (/opt/rustwide/workdir)
[INFO] [stdout] error[E0425]: cannot find value `guess` in this scope
[INFO] [stdout]   --> src/guessgame.rs:11:11
[INFO] [stdout]    |
[INFO] [stdout] 11 |     while guess != answer {
[INFO] [stdout]    |           ^^^^^ not found in this scope
[INFO] [stdout] 
[INFO] [stdout] 
[INFO] [stdout] error[E0425]: cannot find value `guess` in this scope
[INFO] [stdout]   --> src/guessgame.rs:17:9
[INFO] [stdout]    |
[INFO] [stdout] 17 |         guess = input.trim().parse().expect("Your guess needs to be a number.");
[INFO] [stdout]    |         ^^^^^
[INFO] [stdout]    |
[INFO] [stdout] help: you might have meant to introduce a new binding
[INFO] [stdout]    |
[INFO] [stdout] 17 |         let guess = input.trim().parse().expect("Your guess needs to be a number.");
[INFO] [stdout]    |         +++
[INFO] [stdout] 
[INFO] [stdout] 
[INFO] [stdout] error[E0425]: cannot find value `guess` in this scope
[INFO] [stdout]   --> src/guessgame.rs:18:12
[INFO] [stdout]    |
[INFO] [stdout] 18 |         if guess == answer {
[INFO] [stdout]    |            ^^^^^ not found in this scope
[INFO] [stdout] 
[INFO] [stdout] 
[INFO] [stdout] error[E0425]: cannot find value `guess` in this scope
[INFO] [stdout]   --> src/guessgame.rs:21:17
[INFO] [stdout]    |
[INFO] [stdout] 21 |         else if guess > answer {
[INFO] [stdout]    |                 ^^^^^ not found in this scope
[INFO] [stdout] 
[INFO] [stdout] 
[INFO] [stdout] error[E0425]: cannot find value `guess` in this scope
[INFO] [stdout]   --> src/guessgame.rs:11:11
[INFO] [stdout]    |
[INFO] [stdout] 11 |     while guess != answer {
[INFO] [stdout]    |           ^^^^^ not found in this scope
[INFO] [stdout] 
[INFO] [stdout] 
[INFO] [stdout] error[E0425]: cannot find value `guess` in this scope
[INFO] [stdout]   --> src/guessgame.rs:17:9
[INFO] [stdout]    |
[INFO] [stdout] 17 |         guess = input.trim().parse().expect("Your guess needs to be a number.");
[INFO] [stdout]    |         ^^^^^
[INFO] [stdout]    |
[INFO] [stdout] help: you might have meant to introduce a new binding
[INFO] [stdout]    |
[INFO] [stdout] 17 |         let guess = input.trim().parse().expect("Your guess needs to be a number.");
[INFO] [stdout]    |         +++
[INFO] [stdout] 
[INFO] [stdout] 
[INFO] [stdout] error[E0425]: cannot find value `guess` in this scope
[INFO] [stdout]   --> src/guessgame.rs:18:12
[INFO] [stdout]    |
[INFO] [stdout] 18 |         if guess == answer {
[INFO] [stdout]    |            ^^^^^ not found in this scope
[INFO] [stdout] 
[INFO] [stdout] 
[INFO] [stdout] error[E0425]: cannot find value `guess` in this scope
[INFO] [stdout]   --> src/guessgame.rs:21:17
[INFO] [stdout]    |
[INFO] [stdout] 21 |         else if guess > answer {
[INFO] [stdout]    |                 ^^^^^ not found in this scope
[INFO] [stdout] 
[INFO] [stdout] 
[INFO] [stdout] error: aborting due to 4 previous errors
[INFO] [stdout] 
[INFO] [stdout] 
[INFO] [stdout] error: aborting due to 4 previous errors
[INFO] [stdout] 
[INFO] [stdout] 
[INFO] [stdout] For more information about this error, try `rustc --explain E0425`.
[INFO] [stdout] 
[INFO] [stdout] For more information about this error, try `rustc --explain E0425`.
[INFO] [stdout] 
[INFO] [stderr] error: could not compile `testCli` (bin "testCli") due to 5 previous errors
[INFO] [stderr] warning: build failed, waiting for other jobs to finish...
[INFO] [stderr] error: could not compile `testCli` (bin "testCli" test) due to 5 previous errors
[INFO] running `Command { std: "docker" "inspect" "a26f89041615f7e897fe7c3843458a65582df4899c547e702f2a9421b1a41b17", kill_on_drop: false }`
[INFO] running `Command { std: "docker" "rm" "-f" "a26f89041615f7e897fe7c3843458a65582df4899c547e702f2a9421b1a41b17", kill_on_drop: false }`
[INFO] [stdout] a26f89041615f7e897fe7c3843458a65582df4899c547e702f2a9421b1a41b17
